hat is -84621 (base 9) in base 11?
-39007
Convert ab07c (base 16) to base 7.
5645251
What is 94cab (base 14) in base 2?
1010111101100110111
-977d89 (base 16) to base 4
-211313312021
What is -124685 (base 16) in base 5?
-301311301
What is 213505 (base 7) in base 3?
1220011021
What is 41202103 (base 5) in base 10?
334653
What is -4259a (base 12) in base 4?
-111103012
14b690 (base 12) to base 15
6e356
What is 3a416 (base 13) in base 2?
11010011100111100
What is -1a8a8b9 (base 12) in base 5?
-2422040030
What is -202201000021211 (base 3) in base 13?
-2383273
4121214 (base 8) to base 12
446a90
-20331233010 (base 4) to base 13
-64385a
What is 3132240410 (base 5) in base 15?
88d2a5
1edc4e (base 15) to base 6
52244502
-302516 (base 9) to base 7
-1343640
Convert 11324020 (base 5) to base 8.
314665
What is -10000111000100 (base 2) in base 10?
-8644
Convert 3113314 (base 7) to base 3.
200222010111
Convert 515425 (base 7) to base 14.
242bc
What is -133030333 (base 4) in base 7?
-1041421
Convert -723053 (base 11) to base 15.
-17dd95
f3658 (base 16) to base 9
1778504
Convert 1004133 (base 7) to base 8.
350466
Convert -1238d31 (base 14) to base 5.
-4214314400
b0318 (base 14) to base 3
210111111120
What is -14b2b70 (base 12) in base 9?
-7833223
-201002210213 (base 4) to base 14
-1216635
Convert 1022403412 (base 6) to base 12.
3730568
-33222040 (base 5) to base 3
-112200110110
What is -1211042 (base 5) in base 15?
-6a9c
What is 110001011100101111010 (base 2) in base 5?
403322341
Convert 4a4665 (base 14) to base 4.
21231333301
What is -45aa1 (base 12) in base 7?
-535363
Convert 200032010 (base 4) to base 13.
480b9
What is -8c86 (base 13) in base 14?
-7282
30b38b (base 12) to base 2
10111011000001011011
What is 20243214 (base 5) in base 12?
7b8a2
What is 113139b (base 14) in base 2?
11111001110100011011101
What is -13506c0 (base 15) in base 12?
-47b5639
Convert -44652662 (base 8) to base 7.
-145033550
20571 (base 16) to base 13
483a8
Convert -7a922 (base 11) to base 5.
-12220120
10010001111111000010110 (base 2) to base 14
8c7446
Convert -2002113123 (base 4) to base 9.
-1003430
What is -1594a9 (base 12) in base 13?
-cbb0b
Convert 126442 (base 9) to base 2.
10010110001101011
What is 131123300 (base 5) in base 12?
271636
What is -122000121111 (base 3) in base 12?
-141a94
Convert -1011210102001 (base 3) to base 6.
-21225044
1011ac5 (base 16) to base 9
34631273
What is -11302404 (base 5) in base 10?
-103479
Convert -35350737 (base 8) to base 12.
-2704513
What is -111024054 (base 6) in base 16?
-1eaa62
What is 11000001001110 (base 2) in base 9?
17860
Convert -1143464 (base 7) to base 11.
-9a20a
Convert -11010000100000101 (base 2) to base 14.
-2ac97
-2261a11 (base 11) to base 13
-a86609
What is -6826 (base 11) in base 8?
-21426
-1363553 (base 7) to base 5
-21340123
What is 307884 (base 9) in base 11?
115520
What is 285533 (base 9) in base 2?
101010101001001010
-522334 (base 6) to base 3
-2010122211
-241588 (base 9) to base 14
-3b08c
What is 3760143 (base 9) in base 7?
23254242
Convert 330312001 (base 4) to base 16.
3cd81
Convert 12c12a (base 15) to base 3.
1200210110211
-618110 (base 11) to base 4
-3302013233
What is -10011011000010011 (base 2) in base 16?
-13613
Convert 6662546 (base 8) to base 16.
1b6566
Convert -1325433 (base 6) to base 4.
-102001131
Convert -b1a60 (base 14) to base 6.
-13054312
What is 4016 (base 10) in base 13?
1a9c
Convert -1243435 (base 6) to base 12.
-3357b
2011210002210 (base 3) to base 7
12556113
-4386608 (base 11) to base 8
-35265615
What is 4314353 (base 6) in base 4?
303310131
31902 (base 14) to base 6
2322234
10031010 (base 5) to base 6
1414550
Convert 324059 (base 10) to base 9.
543465
Convert -535536 (base 11) to base 3.
-1121111212101
756654 (base 11) to base 7
13164516
Convert -202031013231 (base 4) to base 3.
-121212112220200
What is 11222003313 (base 5) in base 6?
1131540314
-110011101100111111 (base 2) to base 12
-a267b
Convert -6626e (base 15) to base 12.
-1379a2
2522c (base 13) to base 9
113842
-963b3 (base 13) to base 14
-70a0c
Convert 1280608 (base 10) to base 14.
2549a0
What is -1012000210212 (base 3) in base 16?
-99eae
Convert -2073801 (base 10) to base 7.
-23425032
Convert -6b8413 (base 13) to base 6.
-130512433
-587775 (base 10) to base 9
-1085243
What is -4681884 (base 11) in base 14?
-112a233
What is 28a8860 (base 11) in base 14?
93c538
-1011110111001010 (base 2) to base 11
-3355a
53633 (base 11) to base 8
230210
db847 (base 14) to base 5
113444343
Convert 1033222321 (base 5) to base 6.
120020335
-3423442 (base 7) to base 3
-210122200101
2300033021 (base 4) to base 8
2601711
20011221110021 (base 3) to base 15
44d924
Convert -2312721 (base 8) to base 3.
-1011220200211
-2a0b38b (base 12) to base 14
-11aa467
Convert -50add (base 14) to base 10.
-194235
What is -11162116 (base 7) in base 15?
-14351d
Convert -1021103322 (base 4) to base 8.
-1112372
1300321110 (base 4) to base 9
774280
Convert -35523 (base 13) to base 6.
-2031330
What is -1047b4 (base 12) in base 3?
-111001101101
23225101 (base 9) to base 6
1042032344
What is 11253215 (base 6) in base 15?
6d7a5
1001010100100110 (base 2) to base 11
26761
Convert -31121122 (base 4) to base 7.
-315661
Convert 187648 (base 14) to base 6.
30315224
763754 (base 8) to base 4
332133230
What is 54507a (base 12) in base 16?
14621e
What is -1000001111000011101001 (base 2) in base 16?
-20f0e9
1c456c (base 15) to base 7
14512665
305a4 (base 14) to base 7
663164
What is -105540321 (base 6) in base 4?
-13131303121
410432400 (base 5) to base 12
679b5a
Convert -20022202 (base 3) to base 7.
-16304
Convert 529bc (base 14) to base 4.
300231022
Convert 10011100000110100 (base 2) to base 16.
13834
-314224042 (base 5) to base 9
-2432366
What is 1100023 (base 6) in base 10?
54447
What is 23413302 (base 5) in base 12?
a54a6
Convert 1045347 (base 9) to base 8.
2110720
Convert -229959 (base 11) to base 4.
-1120333210
-ddc22 (base 15) to base 13
-1b8a02
What is 1169822 (base 10) in base 7?
12641363
What is -35d2 (base 14) in base 3?
-110220000
-543101 (base 9) to base 5
-40330013
What is 22122021110 (base 3) in base 9?
278243
-4216002 (base 7) to base 15
-a0ab6
Convert 70b0c (base 14) to base 15.
554c0
What is -357b0d (base 14) in base 12?
-741301
-325468 (base 10) to base 11
-202590
17023103 (base 8) to base 11
2252716
What is 275352 (base 14) in base 5?
321441230
Convert 59c42 (base 15) to base 12.
1197b2
Convert 1010001001001011001 (base 2) to base 15.
68737
What is -5381c4 (base 13) in base 6?
-110002153
Convert 221333302 (base 4) to base 6.
3404214
-23030134 (base 5) to base 4
-302003310
-12131001 (base 4) to base 14
-98c1
What is -1450638 (base 11) in base 15?
-342a77
-4423131 (base 5) to base 7
-436342
117740 (base 14) to base 3
1010022202112
What is 1747426 (base 9) in base 3?
1211121110220
Convert -124730 (base 9) to base 12.
-37969
What is 203002000 (base 4) in base 6?
3024144
-34974 (base 14) to base 4
-133101122
What is 22432000 (base 6) in base 13?
1b157b
Convert -154836 (base 11) to base 12.
-b728b
What is 1021222010 (base 3) in base 16?
6393
What is 293099 (base 11) in base 8?
1576364
-13037c (base 15) to base 8
-3365252
2209472 (base 12) to base 9
13174815
Convert -6d275 (base 14) to base 5.
-32013123
3500430 (base 11) to base 9
12457615
-191a246 (base 12) to base 6
-304453330
-30111210022 (base 4) to base 2
-1100010101100100001010
Convert -1615b (base 14) to base 3.
-2210122212
1093032 (base 12) to base 11
1880607
Convert -20112220021 (base 3) to base 5.
-13111314
Convert -12201220001 (base 4) to base 16.
-1a1a01
What is -12450423 (base 6) in base 16?
-6456f
What is -17488c (base 13) in base 8?
-2157544
44736 (base 9) to base 5
1423020
What is -2815 (base 16) in base 7?
-41626
Convert 49601 (base 10) to base 5.
3041401
-20629 (base 14) to base 8
-230335
-c1ec (base 15) to base 13
-1583a
What is -3220442 (base 5) in base 2?
-1101010011100001
-1560017 (base 11) to base 7
-31435514
Convert -2656131 (base 7) to base 9.
-583433
-5879801 (base 10) to base 4
-112123133321
Convert 3013312302 (base 4) to base 10.
818610
1206254 (base 8) to base 14
88856
Convert -20130432 (base 5) to base 9.
-265316
What is 51143335 (base 6) in base 3?
2202011211212
Convert -ed58 (base 16) to base 6.
-1145144
W